16) to base 15.
-22
Convert -1 (base 10) to base 6.
-1
What is 0 (base 8) in base 16?
0
What is c1 (base 15) in base 13?
10c
-110101 (base 2) to base 6
-125
What is 14 (base 8) in base 16?
c
6 (base 12) to base 4
12
What is 1 (base 3) in base 5?
1
Convert 12 (base 8) to base 2.
1010
4 (base 13) to base 2
100
What is 18 (base 13) in base 7?
30
Convert 2 (base 3) to base 8.
2
What is -5 (base 13) in base 3?
-12
What is -1 (base 7) in base 13?
-1
-2 (base 14) to base 6
-2
What is -5 (base 7) in base 15?
-5
Convert -100 (base 2) to base 8.
-4
4 (base 5) to base 14
4
Convert 3320 (base 4) to base 16.
f8
What is c (base 14) in base 4?
30
Convert -34 (base 16) to base 11.
-48
Convert -16 (base 8) to base 2.
-1110
What is -4 (base 12) in base 11?
-4
What is 1 (base 13) in base 6?
1
Convert -110 (base 5) to base 3.
-1010
-12 (base 11) to base 10
-13
-c (base 15) to base 5
-22
What is -43 (base 6) in base 3?
-1000
-87 (base 13) to base 4
-1233
-1101 (base 3) to base 14
-29
Convert -432 (base 7) to base 15.
-e9
Convert -10 (base 8) to base 5.
-13
-22 (base 14) to base 3
-1010
-9 (base 16) to base 9
-10
Convert -3 (base 7) to base 9.
-3
What is 1 (base 6) in base 8?
1
8 (base 10) to base 15
8
-4 (base 6) to base 16
-4
20 (base 4) to base 9
8
Convert -81 (base 15) to base 10.
-121
-1 (base 16) to base 5
-1
Convert 1 (base 9) to base 4.
1
Convert -1000 (base 2) to base 13.
-8
-3 (base 4) to base 11
-3
Convert -19 (base 15) to base 3.
-220
Convert -17 (base 13) to base 15.
-15
30 (base 10) to base 6
50
-1000 (base 2) to base 4
-20
-77 (base 13) to base 8
-142
What is 4d (base 16) in base 2?
1001101
0 (base 4) to base 15
0
Convert -17 (base 11) to base 4.
-102
-12 (base 3) to base 15
-5
What is 10 (base 10) in base 15?
a
What is 4 (base 6) in base 14?
4
-1 (base 9) to base 5
-1
31 (base 9) to base 5
103
What is 7 (base 10) in base 15?
7
Convert 1 (base 2) to base 10.
1
What is 1001001 (base 2) in base 15?
4d
-92 (base 12) to base 6
-302
2 (base 7) to base 15
2
-100111 (base 2) to base 3
-1110
What is -46 (base 9) in base 13?
-33
1 (base 11) to base 8
1
What is 16 (base 8) in base 12?
12
What is f9 (base 16) in base 12?
189
60 (base 10) to base 7
114
Convert 7f (base 16) to base 14.
91
30 (base 7) to base 3
210
Convert -1 (base 2) to base 12.
-1
4 (base 14) to base 13
4
Convert -5 (base 16) to base 13.
-5
Convert -235 (base 6) to base 10.
-95
10001101 (base 2) to base 16
8d
What is -201 (base 3) in base 9?
-21
-14b (base 15) to base 5
-2141
1 (base 5) to base 7
1
0 (base 3) to base 7
0
What is 11 (base 5) in base 16?
6
What is 9 (base 14) in base 2?
1001
21 (base 8) to base 7
23
Convert 1011010 (base 2) to base 15.
60
-21 (base 14) to base 8
-35
67 (base 10) to base 4
1003
4 (base 14) to base 16
4
-3 (base 11) to base 13
-3
Convert -1 (base 14) to base 5.
-1
Convert 0 (base 9) to base 5.
0
What is -241 (base 5) in base 10?
-71
12 (base 8) to base 3
101
What is -2 (base 15) in base 4?
-2
-2 (base 15) to base 11
-2
1 (base 7) to base 16
1
What is -156 (base 8) in base 11?
-a0
-1c (base 15) to base 9
-30
-1403 (base 5) to base 10
-228
-3 (base 7) to base 11
-3
0 (base 5) to base 4
0
Convert 12 (base 3) to base 5.
10
What is -d8 (base 14) in base 8?
-276
a (base 14) to base 6
14
What is -11 (base 2) in base 16?
-3
What is -1 (base 2) in base 14?
-1
Convert 15 (base 12) to base 11.
16
What is -20101 (base 3) in base 11?
-147
Convert 9 (base 11) to base 15.
9
Convert -3 (base 8) to base 11.
-3
-3 (base 4) to base 8
-3
Convert 24 (base 8) to base 7.
26
Convert 3 (base 9) to base 14.
3
What is 10100101 (base 2) in base 3?
20010
What is 1 (base 2) in base 12?
1
32 (base 4) to base 10
14
What is 67 (base 13) in base 10?
85
Convert -11111 (base 3) to base 7.
-232
-10 (base 2) to base 14
-2
Convert 15 (base 9) to base 5.
24
What is 150 (base 16) in base 10?
336
Convert -29 (base 15) to base 11.
-36
Convert 2 (base 9) to base 4.
2
0 (base 14) to base 3
0
10 (base 12) to base 8
14
What is 5 (base 6) in base 2?
101
Convert 1 (base 6) to base 4.
1
Convert 14 (base 16) to base 10.
20
What is 11 (base 10) in base 15?
b
What is -4 (base 12) in base 16?
-4
Convert 2a (base 16) to base 12.
36
Convert 1 (base 14) to base 11.
1
What is b (base 16) in base 13?
b
-1 (base 9) to base 16
-1
What is -b (base 12) in base 4?
-23
Convert 61 (base 16) to base 7.
166
0 (base 13) to base 12
0
What is -15c (base 13) in base 7?
-501
What is 5 (base 9) in base 14?
5
What is 7 (base 14) in base 11?
7
What is 134 (base 5) in base 12?
38
10 (base 6) to base 5
11
0 (base 11) to base 8
0
30 (base 10) to base 6
50
Convert 0 (base 9) to base 10.
0
What is -100 (base 2) in base 6?
-4
0 (base 16) to base 14
0
2 (base 5) to base 16
2
What is 9 (base 13) in base 9?
10
What is 78 (base 15) in base 6?
305
Convert -20 (base 14) to base 2.
-11100
Convert -9 (base 13) to base 2.
-1001
11 (base 2) to base 13
3
Convert -103 (base 5) to base 9.
-31
Convert -14 (base 9) to base 3.
-111
1 (base 13) to base 11
1
What is 79 (base 12) in base 6?
233
What is 0 (base 4) in base 11?
0
What is 12 (base 10) in base 15?
c
Convert -1 (base 5) to base 6.
-1
-10 (base 4) to base 2
-100
-1011 (base 2) to base 6
-15
What is 2120 (base 3) in base 4?
1011
What is 50 (base 8) in base 13?
31
-10000 (base 2) to base 16
-10
Convert -12 (base 4) to base 3.
-20
Convert -69 (base 15) to base 11.
-90
What is -3 (base 13) in base 10?
-3
What is e (base 16) in base 4?
32
Convert -13 (base 8) to base 13.
-b
2 (base 4) to base 13
2
15 (base 9) to base 7
20
What is -1f (base 16) in base 8?
-37
What is -110000 (base 2) in base 15?
-33
Convert 5 (base 10) to base 8.
5
Convert 11 (base 4) to base 9.
5
What is -3 (base 7) in base 9?
-3
What is -12 (base 12) in base 7?
-20
10 (base 5) to base 15
5
What is -1 (base 7) in base 5?
-1
-10 (base 14) to base 16
-e
181 (base 12) to base 8
361
What is 2 (base 6) in base 13?
2
Convert 114 (base 6) to base 11.
42
What is c7 (base 15) in base 5?
1222
Convert 11 (base 3) to base 7.
4
What is -10 (base 6) in base 16?
-6
-100 (base 2) to base 14
-4
Convert -43 (base 5) to base 12.
-1b
0 (base 3) to base 10
0
Convert -11 (base 2) to base 11.
-3
Convert 2 (base 5) to base 15.
2
Convert -1001 (base 2) to base 11.
-9
What is 64 (base 8) in base 4?
310
What is -112 (base 15) in base 16?
-f2
1 (base 3) to base 16
1
What is 21 (base 6) in base 14?
d
23 (base 5) to base 16
d
-8 (base 12) to base 7
-11
What is 2a (base 12) in base 16?
22
What is 10 (base 6) in base 4?
12
-1 (base 11) to base 10
-1
52 (base 6) to base 15
22
Convert a (base 11) to base 9.
11
What is 3 (base 10) in base 6?
3
What is -11 (base 4) in base 9?
-5
What is 101 (base 4) in base 6?
25
What is 13 (base 4) in base 12?
7
Convert -200 (base 6) to base 13.
-57
What is 1 (base 15) in base 13?
1
Convert -ab (base 12) to base 3.
-11212
11 (base 2) to base 13
3
Convert 81 (base 13) to base 7.
210
Convert -179 (base 10) to base 9.
-218
Convert 203 (base 4) to base 11.
32
10 (base 4) to base 3
11
-430 (base 6) to base 14
-b8
-1 (base 3) to base 2
-1
Convert 10 (base 3) to base 10.
3
What is -bc (base 16) in base 4?
-2330
Convert 1 (base 4) to base 6.
1
Convert 42 (base 6) to base 5.
101
125 (base 16) to base 8
445
-1 (base 16) to base 14
-1
4 (base 5) to base 10
4
What is 3 (base 14) in base 13?
3
What is -1 (base 14) in base 10?
-1
0 (base 4) to base 5
0
68 (base 9) to base 6
142
129 (base 13) to base 15
d9
What is 10 (base 3) in base 14?
3
What is -160 (base 8) in base 16?
-70
Convert -3 (base 13) to base 8.
-3
Convert 0 (base 8) to base 11.
0
What is 2 (base 12) in base 16?
2
Convert 12 (base 5) to base 12.
7
5 (base 13) to base 4
11
What is 1 (base 12) in base 8?
1
What is -232 (base 4) in base 2?
-101110
What is -100 (base 2) in base 13?
-4
b (base 16) to base 3
102
Convert 3 (base 14) to base 12.
3
Convert 2 (base 15) to base 14.
2
What is -11 (base 5) in base 15?
-6
What is -24 (base 6) in base 14?
-12
3 (base 8) to base 11
3
What is 124 (base 5) in base 10?
39
-3 (base 15) to base 7
-3
Convert 111 (base 4) to base 11.
1a
Convert -222 (base 3) to base 12.
-22
Convert 160 (base 15) to base 11.
267
Convert 1 (base 16) to base 10.
1
Convert -4 (base 7) to base 11.
-4
What is -10100100 (base 2) in base 9?
-202
-5 (base 7) to base 11
-5
What is 1 (base 3